
True
Is 7741 composite?
False
Is 1223437 composite?
False
Is 6161 a composite number?
True
Is 467 composite?
False
Is 97763 composite?
True
Is 21139 composite?
False
Is 3239 a composite number?
True
Is 67657 a composite number?
True
Is 1185329 composite?
False
Is 308761 a prime number?
True
Is 6121 composite?
False
Is 281873 composite?
True
Is 1543 a prime number?
True
Is 6247 prime?
True
Is 6833 a prime number?
True
Is 5623 a prime number?
True
Is 3371 a prime number?
True
Is 1259977 composite?
False
Is 62207 a composite number?
False
Is 379883 a prime number?
False
Is 4483 a composite number?
False
Is 24391 composite?
False
Is 483221 a composite number?
False
Is 8923 prime?
True
Is 72859 a prime number?
True
Is 493 a composite number?
True
Is 6287 composite?
False
Is 31303 composite?
True
Is 87298 a prime number?
False
Is 476989 composite?
False
Is 98561 a composite number?
False
Is 1778899 a composite number?
False
Is 2414227 prime?
False
Is 39473 a prime number?
False
Is 54343 a composite number?
True
Is 655439 composite?
False
Is 18883 composite?
True
Is 4043 a prime number?
False
Is 3151 composite?
True
Is 16723 a composite number?
True
Is 648689 a prime number?
True
Is 831461 prime?
True
Is 1621 composite?
False
Is 6637 a prime number?
True
Is 24659 a prime number?
True
Is 108235 a composite number?
True
Is 653 a prime number?
True
Is 69337 a prime number?
True
Is 213181 a composite number?
False
Is 41723 a prime number?
False
Is 118765 prime?
False
Is 3397 composite?
True
Is 8263 a composite number?
False
Is 224489 composite?
True
Is 32819 a composite number?
True
Is 2959391 a composite number?
False
Is 49811 a prime number?
True
Is 11861 a prime number?
False
Is 322649 prime?
True
Is 156017 composite?
True
Is 355307 a prime number?
True
Is 21 a composite number?
True
Is 2098 a composite number?
True
Is 2988253 prime?
True
Is 104163 a prime number?
False
Is 2581 prime?
False
Is 21737 composite?
False
Is 337 a composite number?
False
Is 78635 a composite number?
True
Is 274259 a composite number?
False
Is 13291 a composite number?
False
Is 9571 a prime number?
False
Is 25997 a composite number?
False
Is 105751 prime?
True
Is 2891999 composite?
True
Is 494011 a prime number?
False
Is 108913 a prime number?
False
Is 118077 composite?
True
Is 4507 prime?
True
Is 2249 prime?
False
Is 119207 a prime number?
False
Is 70111 prime?
True
Is 28895 a composite number?
True
Is 143149 composite?
True
Is 3977 prime?
False
Is 31087 composite?
True
Is 150431 a prime number?
True
Is 31457 prime?
False
Is 36845 a composite number?
True
Is 16249 a prime number?
True
Is 1657 a prime number?
True
Is 11113 a prime number?
True
Is 303859 a prime number?
True
Is 793379 a composite number?
False
Is 708109 a prime number?
True
Is 2951 a composite number?
True
Is 18299 a composite number?
True
Is 289099 a prime number?
True
Is 132217 prime?
False
Is 4604491 a prime number?
True
Is 78643 composite?
False
Is 29993 prime?
False
Is 173989 prime?
False
Is 204641 prime?
True
Is 105155 composite?
True
Is 254139 prime?
False
Is 73499 prime?
False
Is 404873 prime?
False
Is 443 prime?
True
Is 13519 composite?
True
Is 16715 a composite number?
True
Is 34823 a prime number?
False
Is 17245 a prime number?
False
Is 13163 a composite number?
False
Is 143711 composite?
False
Is 140545 composite?
True
Is 9305 a prime number?
False
Is 20486 a prime number?
False
Is 19289 prime?
True
Is 225121 prime?
False
Is 147571 a composite number?
False
Is 1429633 composite?
False
Is 1624807 prime?
True
Is 77153 a prime number?
True
Is 4337 prime?
True
Is 22757 a prime number?
False
Is 40193 a composite number?
False
Is 7607 a prime number?
True
Is 2897 prime?
True
Is 43343 a composite number?
True
Is 14437 a prime number?
True
Is 18191 a prime number?
True
Is 112843 a composite number?
False
Is 239 a composite number?
False
Is 83969 a prime number?
True
Is 78563 composite?
True
Is 592997 a composite number?
True
Is 257379 a composite number?
True
Is 1900319 a prime number?
False
Is 29957 composite?
True
Is 10358 prime?
False
Is 167227 prime?
False
Is 95129 composite?
True
Is 163 prime?
True
Is 160423 a composite number?
False
Is 1339559 prime?
False
Is 204761 a prime number?
False
Is 301531 a composite number?
False
Is 238573 a prime number?
True
Is 28039 composite?
True
Is 134599 a prime number?
False
Is 1513 prime?
False
Is 61951 prime?
False
Is 11113 a prime number?
True
Is 51763 a composite number?
True
Is 29977 a prime number?
False
Is 35395 a prime number?
False
Is 927247 prime?
False
Is 803569 composite?
True
Is 6997 prime?
True
Is 70519 prime?
False
Is 1987451 prime?
True
Is 14141 a prime number?
False
Is 58889 composite?
False
Is 685563 prime?
False
Is 251917 prime?
True
Is 2615 a prime number?
False
Is 1371 a prime number?
False
Is 50671 a composite number?
False
Is 843485 a prime number?
False
Is 3251 a composite number?
False
Is 47041 prime?
True
Is 52737 a prime number?
False
Is 2747 a composite number?
True
Is 15109 a prime number?
False
Is 26929 composite?
True
Is 263819 a composite number?
False
Is 1393421 composite?
True
Is 247183 a composite number?
False
Is 695 a prime number?
False
Is 31133 composite?
True
Is 133241 composite?
False
Is 8501 a prime number?
True
Is 6439 prime?
False
Is 119671 prime?
True
Is 541 composite?
False
Is 2362 a composite number?
True
Is 39803 prime?
False
Is 307 composite?
False
Is 127031 composite?
False
Is 155813 prime?
False
Is 1397 composite?
True
Is 15149 a prime number?
True
Is 867421 a composite number?
True
Is 1944919 a prime number?
False
Is 331679 prime?
False
Is 3453 a composite number?
True
Is 15971 a composite number?
False
Is 215051 a prime number?
True
Is 2159 a composite number?
True
Is 215803 a composite number?
True
Is 258211 prime?
True
Is 579889 composite?
True
Is 67031 a prime number?
False
Is 4166 a composite number?
True
Is 135101 a prime number?
True
Is 13523 prime?
True
Is 8609 a prime number?
True
Is 30029 a composite number?
False
Is 16871 prime?
True
Is 87393 a prime number?
False
Is 563309 a composite number?
True
Is 328883 prime?
True
Is 4103 a prime number?
False
Is 17167 a composite number?
False
Is 1568791 a prime number?
False
Is 50377 prime?
True
Is 24989 a composite number?
False
Is 374627 composite?
True
Is 6122 composite?
True
Is 63887 a prime number?
False
Is 220739 a prime number?
False
Is 40094 composite?
True
Is 50981 a prime number?
False
Is 803903 composite?
True
Is 753583 composite?
False
Is 3683 prime?
False
Is 35545 composite?
True
Is 255313 composite?
False
Is 8529 a composite number?
True
Is 9935 composite?
True
Is 449 composite?
False
Is 2007862 prime?
False
Is 4997 composite?
True
Is 15242 a composite number?
True
Is 462863 composite?
False
Is 6241 a prime number?
False
Is 11209 prime?
False
Is 17233 prime?
False
Is 117321 a composite number?
True
Is 3158 prime?
False
Is 6847 a prime number?
False
Is 654409 a prime number?
False
Is 11667 a prime number?
False
Is 2901 a composite number?
True
Is 12271 a composite number?
True
Is 18919 a prime number?
True
Is 2411 composite?
False
Is 4406 prime?
False
Is 502 composite?
True
Is 1293 a composite number?
True
Is 132941 a composite number?
True
Is 83921 prime?
True
Is 5099 composite?
False
Is 14567 a composite number?
True
Is 37907 prime?
True
Is 201911 a composite number?
False
Is 280103 prime?
True
Is 4721 composite?
False
Is 430121 a prime number?
True
Is 979691 prime?
True
Is 239653 composite?
True
Is 42989 a composite number?
False
Is 36502 prime?
False
Is 1555349 a composite number?
False
Is 24773 a prime number?
False
Is 4201 a prime number?
True
Is 20879 a composite number?
False
Is 31511 a composite number?
False
Is 143053 prime?
True
Is 324245 a composite number?
True
Is 635599 composite?
False
Is 5099 a composite number?
False
Is 3457 prime?
True
Is 3967 a composite number?
False
Is 308017 composite?
False
Is 127993 composite?
True
Is 3320891 composite?
True
Is 181054 a prime number?
False
Is 5227 composite?
False
Is 12624283 composite?
True
Is 1483 prime?
True
Is 58119 composite?
True
Is 443 a prime number?
True
Is 21799 prime?
True
Is 185917 a composite number?
False
Is 66293 composite?
False
Is 246179 a prime number?
False
Is 746737 